-7 - -30. What is the remainder when p is divided by 8?
7
Let n = -53 + 69. Calculate the remainder when 141 is divided by n.
13
Let w be -1*1*(-5 - -5). Suppose -2*x + 7 = -x. Calculate the remainder when (-60)/(-5) + w/1 is divided by x.
5
Calculate the remainder when 36 is divided by -4 + 16 + 3/3.
10
Let u = -2 - -4. Let v = 13 + u. Let x = 2 - -41. Calculate the remainder when x is divided by v.
13
Let g = 5 + -1. Calculate the remainder when (4 - 90/35)*(8 + -1) is divided by g.
2
Let j(i) = 2*i + 20. Let f = -54 - -26. Let r = f - -39. Calculate the remainder when j(0) is divided by r.
9
Suppose 3*w + 5 = 5*y + 16, w = -2*y. Let r = y - -18. Suppose -38 = -4*h - 2*c, 2*h + 3*c + c - 22 = 0. Calculate the remainder when r is divided by h.
8
Suppose 5*b - 30 = 2*b. Let n be 1/(-2) + 167/2. Let l = -55 + n. Calculate the remainder when l is divided by b.
8
Let k = -68 - -123. Let w(a) = 20*a**2 - 1. Let i(x) = x - 5. Let u be i(4). Calculate the remainder when k is divided by w(u).
17
Let y = 21 - 13. Suppose y + 13 = 3*z. What is the remainder when 19 is divided by z?
5
Let m(b) = 20*b**2 - 4*b + 5. Let y = 15 + -7. What is the remainder when m(1) is divided by y?
5
Let d(a) = -a**3 + 7*a**2 - 4*a - 8. Let l be d(6). Let h = 6 - l. What is the remainder when 5 is divided by h?
1
Let x(n) = n**3 + 8*n**2 - 25*n - 13. Let m(y) = y**2 - 4*y + 1. Calculate the remainder when x(-10) is divided by m(6).
11
Suppose -5*r - 13 - 8 = -k, 3*k - 4*r - 118 = 0. Let j = k - 30. Calculate the remainder when 46 is divided by j.
14
Suppose 0 = -5*a + 5*m + 23 + 42, 2 = -2*a - 5*m. Let l = a - 4. What is the remainder when l + -4 - 22*-1 is divided by 12?
11
Let g = 81 - 43. Let o = -4 - -14. What is the remainder when g is divided by o?
8
Suppose -68 = -5*t + 4*c, t = -t - 4*c + 16. Calculate the remainder when 31 is divided by t.
7
Suppose -13*n - 7 = -14*n. What is the remainder when n is divided by (-1)/(2/(-6)*1)?
1
Let v(r) = r**2 - 6*r - 8. Calculate the remainder when v(-7) is divided by 17.
15
Suppose l + 4*c - 36 = 0, -5*c - 85 = 2*l - 4*l. Suppose -a = -4*m - 5*a + l, -5*m + 40 = 3*a. What is the remainder when 13 is divided by m?
3
Let x be 1 + -1 + 122 - -2. Let z be (-1)/(-3) + x/(-12). What is the remainder when 205/7 + z/35 is divided by 10?
9
Suppose 3*k + 66 = -219. Let r = k + 177. Calculate the remainder when r is divided by 28.
26
What is the remainder when (-93 + -15)*(-16)/6 is divided by 29?
27
Let p = 13 + -5. Suppose r + r + 4 = 0. Calculate the remainder when ((-4)/(-6))/(r/(-42)) is divided by p.
6
Let g(l) = 6*l - 1. Let f be g(1). Let v = 5 + f. Calculate the remainder when v is divided by 6.
4
Let i(f) = 3*f - 10. Calculate the remainder when 50 is divided by i(9).
16
Suppose 4*c + 2*r + 304 = 6*r, -c - 4*r = 81. Let d = c + 109. Calculate the remainder when d is divided by 12.
8
Let k(d) = -d**3 + 7*d**2 + 8*d + 9. Suppose -3*u = -2*u - 2. Let r(o) = 3*o + 2. Let q be r(u). What is the remainder when k(q) is divided by 6?
3
Suppose 2*s - 15 = -v, -4*v - s = -2*s - 42. Let h = -1 + 1. Suppose 0 = -0*l - 2*l - j + 36, -l + 3*j + 32 = h. Calculate the remainder when l is divided by v.
9
Suppose 3*w + w - 16 = 0. Let z = 23 - w. Calculate the remainder when z is divided by (-38)/(-4) + 2/4.
9
Let n(a) = a**3 - 15*a**2 + 18*a - 23. What is the remainder when n(14) is divided by 10?
3
Suppose -26 = t - 5*g - 4, 5*g - 20 = 0. Calculate the remainder when 61 is divided by t/8 + (-130)/(-8).
13
Suppose 22*d - 24*d + 106 = 0. Calculate the remainder when d is divided by 14.
11
Let k(c) = c**2 + 5*c + 3. Let l be k(5). Let f = l + -38. What is the remainder when 13 is divided by 2/(-3)*f/(-2)?
3
Let t be (-2*1)/(1/(-10)). Suppose t = l + 3. What is the remainder when l is divided by 9?
8
Let l(y) = -5 + 7 + 7 + y - 3. What is the remainder when l(10) is divided by 9?
7
Calculate the remainder when (-5 - -49) + 5 + 1 is divided by 14.
8
Let s be (3 - 0) + -5 - -6. Suppose -2*c - 5*y - s = c, 2*c + 32 = 4*y. Let q = -7 - c. What is the remainder when 3 is divided by q?
0
Let n(p) = -5*p + 1. Suppose 2*r + 7 = 25. Calculate the remainder when n(-5) is divided by r.
8
Suppose -2*d - m = -0 - 62, 5*d + 5*m = 160. Calculate the remainder when 59 is divided by d.
29
Let j(t) = t - 5. Let x be j(5). Suppose 5*d + 2 - 77 = x. Calculate the remainder when (-1)/5 - (-138)/d is divided by 3.
0
Suppose 5 = r - 29. Calculate the remainder when r is divided by 18.
16
Calculate the remainder when 10 is divided by (-2 + -2 - -10)/2.
1
Let a = 31 - 12. What is the remainder when a is divided by 11?
8
Suppose -f + 5*f - 92 = 0. Suppose -f = -2*h + 15. Let w = -1 - -6. Calculate the remainder when h is divided by w.
4
Let x(o) = -69*o**3 - 2*o - 1. Calculate the remainder when x(-1) is divided by 8*15/((-5)/(-1)).
22
Suppose -22 = -4*l + 3*g, -2*l = -l + 2*g. Let y = l - 1. Suppose 2*z = 4*z - 4*a - 16, -y*z + 3*a = -24. What is the remainder when 15 is divided by z?
7
Suppose -2 - 13 = -3*u. What is the remainder when 0/8 + 11 + -2 is divided by u?
4
Let r = 153 - 87. What is the remainder when r is divided by ((-3)/((-6)/(-46)))/(-1)?
20
Suppose 0 = 4*f + 3*j - 22, 0*j - 12 = -5*f + 4*j. Suppose -4*x = -5*h - 8, 2*x + 2*h = f*x - 6. Calculate the remainder when 13 is divided by x.
6
Let d(k) = -3*k + 55. Suppose -2*c + 21 = c. What is the remainder when d(15) is divided by c?
3
Let w = 10 - -9. Suppose -5*r + 2*d = -29, r + 3*d - 13 = d. What is the remainder when w is divided by r?
5
Let p be (1/2)/(5/70). Suppose 6*a - p*a + 51 = 0. What is the remainder when a is divided by 13?
12
Let y(w) = w**2 - 12*w + 17. Let v(j) = -j**3 - 5*j**2 - j + 7. What is the remainder when v(-6) is divided by y(12)?
15
Let m = -2 + 30. Calculate the remainder when 139 is divided by m.
27
Let g(d) = 6*d - 1. Let y be g(3). Let z = y + -9. Suppose -x = -2*u + 88, 2*x + 2*x + z = 0. Calculate the remainder when u is divided by 22.
21
Let z(j) = j**2 - 9. Let f be z(0). Let v = f + 36. Calculate the remainder when v is divided by 10.
7
Let h(t) = -t**2 + 19*t - 6. Calculate the remainder when h(8) is divided by 21.
19
Let x(z) be the third derivative of -z**5/60 + z**4/3 + 3*z**2. Suppose 4*h = 2*h + 68. What is the remainder when h is divided by x(6)?
10
Let u = 7 - -1. Suppose -4*y + 116 = 96. What is the remainder when u is divided by y?
3
Suppose w = -2*t + 26, t + 4*w + 0 + 1 = 0. Calculate the remainder when t is divided by 7.
1
Let c be (15/(-2))/5*-8. Suppose 2*t - 17 = 2*m + t, m - 4*t + c = 0. Calculate the remainder when 20 is divided by (m + 10)/(2/11).
9
Let f = -29 + 38. Let g be ((-10)/(-3))/(4/6). Suppose -5*s = -g*l - 130, -s - 4*l = l - 20. What is the remainder when s is divided by f?
7
Let o(t) = -t**3 + 7*t**2 + 6*t - 16. What is the remainder when o(7) is divided by 7?
5
Suppose 7 = 2*u - 9. Suppose 0 = 5*m - 12 - u. Let v(j) = -2*j - 6. What is the remainder when m is divided by v(-4)?
0
Let d = -66 + 189. Calculate the remainder when d is divided by 18.
15
Suppose -2*n = m - 5*n - 65, -3*m + 4*n = -185. Let p = m + -33. Suppose 4*a - 3*a = -3*j + 29, 2*j = 2*a - p. Calculate the remainder when a is divided by 6.
5
Let y be 3*(0 - (-2 + 1)). Suppose f + y*f = -3*h + 31, -2*f - 16 = -2*h. What is the remainder when 15 is divided by h?
6
Let y(o) = o + 2. Let g be y(8). Let l(b) = b + 2*b - 2*b + g - 2*b. Calculate the remainder when l(8) is divided by 1.
0
Let c(d) be the first derivative of -d**4/4 + 7*d**3/3 - 3*d**2/2 + 8*d - 1. Let i(s) = 2*s + 2. Let b be i(2). What is the remainder when c(b) is divided by 9?
8
Suppose -w + 4 - 7 = 0, 2*a - 86 = 2*w. Suppose 0*c + a = 2*c. Calculate the remainder when c is divided by 7.
6
Suppose 3*h + 212 - 52 = 5*o, -2*h = -4*o + 128. Calculate the remainder when o is divided by 7.
4
What is the remainder when 18 is divided by (3/(-2) + -1)*-2?
3
Let j = 6 - 3. Suppose -44 = -4*a - 8. Calculate the remainder when a is divided by j.
0
What is the remainder when 50 is divided by (3/(-6))/(1/(-26))?
11
Suppose 32 = 4*s - 4. Suppose 3 = u, 277 - 91 = -4*d - 2*u. Let n = d - -74. Calculate the remainder when n is divided by s.
8
Suppose -760 = -5*h - 130. Calculate the remainder when h is divided by 26.
22
Let y